1 - 10312542*g + 10312542*g - 39*g**3. Give w(1).
-39
Let h(s) = -s**2 - 9*s + 23. Let u be h(-10). Suppose 1 = 12*c + u. Let f(l) = l + 1. Give f(c).
0
Suppose -3*l = 3*f - 3, 2*l - 3*f + 19 = 1. Let x(h) = -6*h - h**3 + h**2 + 6*h - 2*h**2 + 64 - 63 + 3*h. Determine x(l).
10
Let x = -6 - -7. Suppose -16*d + 120 = 4*d. Let w(k) = 338 - 172 - 167 - d*k. What is w(x)?
-7
Let y be (303/(-6))/(4/24). Let q = y + 298. Let w(i) = 2*i**2 + 8*i + 5. Give w(q).
15
Let b(z) = 66*z + 22. Let q(o) = 74*o + 20. Let t(w) = -9*b(w) + 8*q(w). Calculate t(-20).
2
Suppose -2*y = -b + 2, 3*b - 5*y = -0*y + 8. Let j(f) = 3*f + 12. Calculate j(b).
30
Let q(p) = -3*p - 9. Let f(a) = -8*a - 18. Let v(t) = 4*f(t) - 9*q(t). Let i(r) = 27*r - 45. Let w(m) = -2*i(m) - 11*v(m). Determine w(9).
0
Let c(g) = -1 - 15 + 55*g - 17*g + 10 - 78. What is c(2)?
-8
Let l(y) be the third derivative of y**4/24 + 5*y**3/6 + y**2 - 156. Give l(-9).
-4
Suppose 3*d - 3*a = 10 + 2, -15*d - a = 20. Let w(b) = -193*b + 3. Determine w(d).
196
Suppose -4*n + i + 4*i + 1321 = 0, 2*n - 656 = -2*i. Suppose 9*b + n - 1166 = 0. Suppose 88*z = b*z - 20. Let y(l) = l - 4. Calculate y(z).
0
Let g(u) = -u**2 - 13*u - 39. Suppose 22*a + 8*m + 196 = 6*m, 4*a + 32 = -4*m. Calculate g(a).
-3
Let c be ((-3)/(-6))/((-3)/(-42)). Let m(d) be the second derivative of 0 - 1/6*d**3 - d**2 - 2*d. Calculate m(c).
-9
Let a(i) = 96*i - 127. Let w(x) = -248*x + 318. Let s(q) = 13*a(q) + 5*w(q). Determine s(8).
3
Suppose -5*v + 2*f + 5 = -7, -4*f = 3*v - 28. Let t(j) = 56 - 58 + 3*j + j**2 - 4*j**2 + 2*j. Give t(v).
-30
Let b(j) be the first derivative of j**3/3 - 3*j**2 + 14624. Let m be ((-7)/1)/(-4 + 3). Determine b(m).
7
Let t = 4778 + -14333/3. Let o(v) be the first derivative of 12 + 0*v**2 + t*v**3 + 0*v. What is o(-1)?
1
Let m = -24420 - -24434. Let j(k) = -k**2 + 13*k + 9. Determine j(m).
-5
Let q be (-3)/(8/((-80)/15)). Let k be 0*q*(-2)/4 - -2. Let r(x) = -21 + 26 - 2*x**2 + x**k - 4*x. Determine r(-5).
0
Let x(o) be the second derivative of o**5/20 - 2*o**4/3 + 19*o**3/6 - 11*o**2/2 - 73*o - 1. Calculate x(4).
1
Let b(o) be the first derivative of -3/2*o**2 + 1/3*o**3 - 4*o + 652. Suppose -3*r + 3 = 4*k - 21, -3*r = -5*k + 3. What is b(k)?
-4
Let c(g) = -10*g. Suppose m - 3*m = 6. Let u(t) = 60*t - 10. Let w(r) = -20*r + 3. Let f(k) = m*u(k) - 10*w(k). Let j(h) = 11*c(h) + 6*f(h). Give j(-2).
-20
Let j(l) = -l**3 + 2*l**2 + 20*l + 20. Let k(h) = h**2 + 140*h - 570. Let v be k(4). Determine j(v).
-4
Suppose -7*r - 60 = -5*k - 4*r, -3*k + 5*r + 36 = 0. Let q(w) = -w**2 + 12*w + 5. Calculate q(k).
5
Let z(l) = 8. Let j(k) = -k - 2. Let t be ((-4)/(-16) - (-6)/8)*-1. Let p(b) = t*z(b) - 4*j(b). What is p(-4)?
-16
Let m(c) = c**2 + 47*c + 308. Let y = -5962 - -5923. What is m(y)?
-4
Let m(f) be the third derivative of 19*f**4/24 - 47*f**3/2 - 820*f**2 + 2*f. Give m(8).
11
Let k(p) = -21112*p + 95 + 88 + 21132*p. What is k(-9)?
3
Let j(x) = x**2 + x - 4. Let b(s) = s**3 + 2*s**2 + 9. Let u be (6 - 22/3)/(4/9). Let c(k) = u*j(k) - b(k). Let v = -11 + 7. Determine c(v).
-1
Suppose 15 = -3*n + 18. Let w(b) = 3*b - 2 - 5*b + n + 6*b + b**2. What is w(-6)?
11
Let x be ((-8)/6)/((-10)/1110) - 3. Let y = x - 143. Let w(j) = -1 + 3*j**2 - 1 + 2*j**2. Give w(y).
18
Suppose k - 4 + 3 = 0. Let b(f) = 0 + 2*f + 1 + 0 - 9*f. Let v(x) = -15*x + 2. Let n(y) = 13*b(y) - 6*v(y). Calculate n(k).
0
Let m(o) = o**3 + 17*o**2 + 43*o + 16. Let t be m(-14). Suppose -1 = -4*z + 3*j, t*z - j = -2*z + 11. Let i(w) = -w + 2. Calculate i(z).
-2
Let g be (14 - 297/22)*4/6. Let p(v) be the first derivative of g*v**3 - 2*v - 1/4*v**4 - 9 + 1/2*v**2. What is p(0)?
-2
Let n(t) = -1. Let f(d) = -d**2 - 6*d + 16. Let g(k) = -f(k) - 2*n(k). Let j be g(-8). Let m(v) = 47*v**j + 3*v - 2*v - 45*v**2 - v**3. What is m(3)?
-6
Let t(v) be the first derivative of v**4/4 - 9*v**3 + 23*v**2/2 + 68*v + 5409. What is t(26)?
-10
Suppose 4 = -9*c + 11*c. Let y(h) = 11*h - 4 + 16*h + 2*h + 2 - 19*h. Give y(c).
18
Let j be 12/2 + -12 + 9 + -8. Let q(p) = p**3 + 4*p**2 + 5*p + 1. What is q(j)?
-49
Let v(n) = -15*n**3 - 4*n + 3. Suppose 5*d = -2*i - 5, -204 + 229 = -5*i. Calculate v(d).
-16
Let i(x) = 877*x - 3. Let m be i(1). Let a(u) = 444 + 435 + 6*u - u + u**2 + 2*u - m. Give a(-4).
-7
Let y(p) = 35*p - 126. Let v(t) = -9*t + 32. Let b(j) = 9*v(j) + 2*y(j). Give b(4).
-8
Let p(i) = 11*i - 37. Let h(s) = -2. Let v(j) = -6*h(j) + p(j). Give v(3).
8
Let k = 95 + -87. Suppose 0 = -17*l + 21*l - k. Let v(r) = -1 - 3*r**l + r**2 + 445*r - 447*r. Calculate v(-2).
-5
Let o be 10/44 + 336/1232. Let w(u) be the first derivative of 13 - 4*u - o*u**2. Calculate w(-2).
-2
Let y = -2 - -4. Suppose 2 = -c + y*c. Let z(o) be the third derivative of -o**6/60 + o**4/12 - 6*o**2 - 109. Calculate z(c).
-12
Let i(c) = c**3 - 25*c. Let v = -6726 + 6721. Calculate i(v).
0
Let s(u) be the second derivative of -u**5/20 - u**4/2 + u**3/2 - 3*u**2 + 702*u. Determine s(-6).
-24
Suppose 0 = 3*y - 11*y - 64. Let c(m) = 7*m**2 + 2*m - 38. Let x(r) = -20*r**2 - 7*r + 109. Let j(q) = -17*c(q) - 6*x(q). Calculate j(y).
-8
Let x(m) = 3*m + 27. Let c be 0 + (-14 + 1281/84)/((-2)/32). What is x(c)?
-33
Let m(a) = -a**3 + 11*a**2 + 10*a + 35. Let y = 16367 - 16355. What is m(y)?
11
Let n(v) be the third derivative of -v**6/120 + v**5/12 - 5*v**4/24 + 14*v**3/3 - 4*v**2 - 137*v. What is n(5)?
3
Let l(d) = -13 + 18*d**2 + d**3 + 4 - 17*d + 33. Give l(-19).
-14
Let o(f) be the third derivative of 0*f - 35*f**2 + 2 + 1/24*f**4 - 1/3*f**3. Let m = 3 + 2. Give o(m).
3
Suppose -4*n = -n - 2*q - 21, 28 = 5*n - q. Let f(w) be the third derivative of w**4/12 + w**3/6 + 169*w**2 - 2. Determine f(n).
11
Let c be ((-10)/(-3) - 1)*3. Let n(g) = -9*g + 515. Let b(s) = -s + 64. Let t(h) = 8*b(h) - n(h). What is t(c)?
4
Let i(o) = 13*o**2 - 20*o - 11. Let r(x) = 30*x**2 - 43*x - 22. Let j(u) = 7*i(u) - 3*r(u). Give j(11).
-11
Let p(k) = -4*k**2 - 4*k - 12. Let w(b) = b**2 + 1. Let y(o) = -p(o) - 5*w(o). Let t(g) = -3*g**2 + 13*g + 21. Let f(r) = 2*t(r) - 7*y(r). What is f(6)?
17
Let t(v) = 4*v**2 - 13*v + 23. Let m be t(4). Let o(f) = -27*f + 50*f - m*f. Suppose q + 8 = 4*s + s, 2*s + 4*q = -10. Give o(s).
-12
Let b(l) = -2*l**3 + 6*l**2 + 5*l - 1. Let h be b(-1). Suppose 13*j + 30 = -h*j. Let a(x) = x**2 - x - 1. Determine a(j).
5
Let i(f) = f - 34. Suppose 0 = 21*w - 217 + 280. Calculate i(w).
-37
Suppose -323*k = 80*k + 2821. Let x(b) be the second derivative of -b**5/20 - b**4/2 + 3*b**3/2 + 4*b**2 - b. Determine x(k).
-6
Let v(a) = -4*a - 2. Suppose 2*p - 6*p = -84. Let n be (-168)/(-12)*(-6)/p. What is v(n)?
14
Let g be 1/(-3) - (-60)/18. Let w = 7 - g. Let y(j) = 6 - 8 + w - 5*j. What is y(2)?
-8
Let v(m) = -18*m + 44. Let p(j) = 6*j - 15. Let y(z) = -17*p(z) - 6*v(z). Suppose 189*g - 185*g + 10 = 5*h, -2*h + 4*g = 8. Determine y(h).
27
Let v(k) be the second derivative of -k**3/3 - 5*k**2/2 + 2*k. Let b be (-1)/1*5 - (-42 - -41). What is v(b)?
3
Let f(t) be the third derivative of t**5/60 - 7*t**4/8 - 11*t**3/3 - 397*t**2. What is f(23)?
24
Let h = 36 + -35. Let q(m) = 2*m - 4*m**3 + 2 + 3*m**3 - 3 + 4*m**3 - 4*m**3. Give q(h).
0
Let i(x) = 9*x**2 + 9*x + 15. Let c be i(-1). Let u(y) be the first derivative of 1/3*y**3 + 6*y - c - 5/2*y**2. What is u(5)?
6
Let v(n) = -n**3 - 8*n**2 - 7*n - 2. Let i(z) = -3*z - 12. Let r be i(-5). Let c(w) = -4*w**2 + r*w**2 + w + 3*w + 2*w. Let b be c(7). What is v(b)?
-2
Let f(j) = 3*j - 16. Let y(n) be the first derivative of 10*n**2 - 120*n + 17. Let u(w) = -15*f(w) + 2*y(w). What is u(2)?
-10
Let t(c) = 17*c**2 + 17 - 15*c - 8*c**2 + 1 - 8*c**2. Determine t(16).
34
Suppose 4*p = -5*s + 41 + 833, -4*s = 3*p - 699. Let z = 168 - s. Let t(i) = 3*i + 15. Determine t(z).
-3
Suppose 3*r - 2465 = -3*j - 2438, -2*j = -4*r - 18. Let x(p) = -2*p - 37. Let n(t) = -3*t - 55. Let w(v) = 5*n(v) - 7*x(v). Calculate w(r).
-16
Let b be ((-2)/(-3))/2*12. Let p(y) be the third derivative of -y**4/6 + 5*y**3/6 + y**2 - 23*y + 44. Determine p(b).
-11
Let o = -198 + 201. Let f(k) = -k**o - 307*k + 31 + 4*k**2 + 307*k - 34. Give f(3).
6
Let d(f) = -f**3 + 5*f**2 + 24*f - 3. Suppose -k - 61 = 2*t - 5*t, 65 = -k + 5*t. Let y = -47 - k. Let a be d(y). Let m(h) = -2*h + 2. What is m(a)?
8